{"id":1610,"date":"2021-12-22T11:43:40","date_gmt":"2021-12-22T14:43:40","guid":{"rendered":"http:\/\/premioledamariamartins.com\/?page_id=1610"},"modified":"2021-12-22T11:48:10","modified_gmt":"2021-12-22T14:48:10","slug":"1610-2","status":"publish","type":"page","link":"https:\/\/premioledamariamartins.com\/index.php\/1610-2\/","title":{"rendered":""},"content":{"rendered":"<div id=\"pl-1610\"  class=\"panel-layout\" >\n<div id=\"pg-1610-0\"  class=\"panel-grid panel-has-style\"  data-style=\"{&quot;cell_alignment&quot;:&quot;flex-start&quot;,&quot;align&quot;:&quot;&quot;,&quot;background_image&quot;:false,&quot;overlay&quot;:&quot;&quot;,&quot;overlay_color&quot;:&quot;#000000&quot;}\" >\n<div style=\"padding: 100px 0; \" data-overlay=\"true\" data-overlay-color=\"#000000\" class=\"panel-row-style panel-row-style-for-1610-0\" >\n<div id=\"pgc-1610-0-0\"  class=\"panel-grid-cell\"  data-weight=\"1\" >\n<div id=\"panel-1610-0-0-0\" class=\"so-panel widget widget_sow-editor panel-first-child panel-last-child\" data-index=\"0\" data-style=\"{&quot;background_image_attachment&quot;:false,&quot;background_display&quot;:&quot;tile&quot;,&quot;content_alignment&quot;:&quot;left&quot;,&quot;title_color&quot;:&quot;#443f3f&quot;,&quot;headings_color&quot;:&quot;#443f3f&quot;}\" >\n<div style=\"text-align: left;\" data-title-color=\"#443f3f\" data-headings-color=\"#443f3f\" class=\"panel-widget-style panel-widget-style-for-1610-0-0-0\" >\n<div class=\"so-widget-sow-editor so-widget-sow-editor-base\">\n<h3 class=\"widget-title\">PRETUGU\u00caS (2021)<\/h3>\n<div class=\"siteorigin-widget-tinymce textwidget\">\n<p><img loading=\"lazy\" decoding=\"async\" class=\"wp-image-1611 size-medium alignleft\" src=\"https:\/\/premioledamariamartins.com\/wp-content\/uploads\/2021\/12\/img-edicoes-PLLM-2021-300x300.png\" alt=\"\" width=\"300\" height=\"300\" srcset=\"https:\/\/premioledamariamartins.com\/wp-content\/uploads\/2021\/12\/img-edicoes-PLLM-2021-300x300.png 300w, https:\/\/premioledamariamartins.com\/wp-content\/uploads\/2021\/12\/img-edicoes-PLLM-2021-150x150.png 150w, https:\/\/premioledamariamartins.com\/wp-content\/uploads\/2021\/12\/img-edicoes-PLLM-2021-768x768.png 768w, https:\/\/premioledamariamartins.com\/wp-content\/uploads\/2021\/12\/img-edicoes-PLLM-2021-1024x1024.png 1024w, https:\/\/premioledamariamartins.com\/wp-content\/uploads\/2021\/12\/img-edicoes-PLLM-2021-370x370.png 370w, https:\/\/premioledamariamartins.com\/wp-content\/uploads\/2021\/12\/img-edicoes-PLLM-2021-830x830.png 830w, https:\/\/premioledamariamartins.com\/wp-content\/uploads\/2021\/12\/img-edicoes-PLLM-2021-230x230.png 230w, https:\/\/premioledamariamartins.com\/wp-content\/uploads\/2021\/12\/img-edicoes-PLLM-2021-350x350.png 350w, https:\/\/premioledamariamartins.com\/wp-content\/uploads\/2021\/12\/img-edicoes-PLLM-2021-480x480.png 480w, https:\/\/premioledamariamartins.com\/wp-content\/uploads\/2021\/12\/img-edicoes-PLLM-2021.png 1080w\" sizes=\"auto, (max-width: 300px) 100vw, 300px\" \/><\/p>\n<p style=\"text-align: justify;\">Tema que orienta a sele\u00e7\u00e3o dos espet\u00e1culos premiados<strong>, <\/strong>referenciado em L\u00c9LIA GONZALEZ.<\/p>\n<hr \/>\n<p>A cultura brasileira \u00e9 uma cultura negra por excel\u00eancia, at\u00e9 o portugu\u00eas que falamos aqui \u00e9 diferente do portugu\u00eas de Portugal. Nosso portugu\u00eas n\u00e3o \u00e9 portugu\u00eas, \u00e9 \u2018pretugu\u00eas\u2019. Se a gente levar em considera\u00e7\u00e3o, por exemplo, a atua\u00e7\u00e3o de mulher negra, a chamada \u2018m\u00e3e preta\u2019, que o branco quer adotar como exemplo do negro integrado, que aceitou a democracia etc. e tal, ela, na realidade, tem um papel important\u00edssimo como sujeito suposto saber nas bases mesmo da forma\u00e7\u00e3o da cultura brasileira, na medida em que ela passa, ao aleitar as crian\u00e7as brancas e ao falar o seu portugu\u00eas (com todo um acento de quimbundo, de ambundo, enfim, das l\u00ednguas africanas), \u00e9 ela que vai passar pro brasileiro, de um modo geral, esse tipo de pron\u00fancia, um modo de ser, de sentir e de pensar. (Entrevista a Patrulhas ideol\u00f3gicas, no livro \u201cPor um Feminismo Afro Latino Americano\u201d. Organiza\u00e7\u00e3o Flavia Rios e M\u00e1rcia Lima, p.289-290).<\/p>\n<hr \/>\n<p>Dia 13 de dezembro de 2021<br \/>\n<a href=\"https:\/\/youtu.be\/hk0BYY_Rw9U\">Transmiss\u00e3o ao vivo<\/a>, exibida do Teatro Espanca<br \/>\nDura\u00e7\u00e3o &#8211; 1:46:55<\/p>\n<p>Homenagem: L\u00e9lia Gonzalez<br \/>\nCuradoria: Denilson Tourinho<br \/>\nJ\u00fari 2021: Anne Vaz e Marcos Alexandre<\/p>\n<hr \/>\n<p>Pr\u00eamio: trof\u00e9u, certificado e livros: \u201cAfrografias da Mem\u00f3ria &#8211; O Reinado do Ros\u00e1rio no Jatob\u00e1\u201d, \u201cPerformances do Tempo Espiralar &#8211; po\u00e9ticas do corpo-tela\u201d e \u201cPor um Feminismo Afro Latino Americano &#8211; L\u00e9lia Gonzalez\u201d.<\/p>\n<p>Participa\u00e7\u00f5es art\u00edsticas: Fabio da Serra (m\u00fasica \u201cDeixa eu Fal\u00e1 meu Pretugu\u00eas\u201d) e Josy Anne.<\/p>\n<p>Patroc\u00ednio: BDMG Cultural e BDMG<\/p>\n<p>Apoio: Ponta de Anzol e Aqui Tamb\u00e9m \u00e9 meu Quilombo.<\/p>\n<p>Parceria: Cerbambu, Editora Perspectiva, Editora Cobog\u00f3, Companhia das Letras, Comis Salgados, Kitutu Gourmet, Divino Forno, Val\u00e9ria Duarte e Aldo Cl\u00e9cius.<\/p>\n<hr \/>\n<p style=\"text-align: center;\"><strong>Espet\u00e1culos Premiados em 10 categorias do Pr\u00eamio LMM 2021<br \/>\n<\/strong><em><u>categoria, espet\u00e1culo, ano de estreia e localidade<\/u><\/em><\/p>\n<p>ENCRUZILHADA &#8211; <strong>\u00c1rea: dire\u00e7\u00e3o.<br \/>\n<\/strong><strong>Eb\u00f3<\/strong> \u00ad\u00ad\u00ad\u00ad\u00ad\u00ad\u00ad\u00ad\u00ad\u00ad\u00ad\u2013 2020 (MG)<\/p>\n<p>MURIQUINHO &#8211; <strong>\u00c1rea: infantojuvenil.<br \/>\n<\/strong><strong>Omobirim Agbara &#8211;<\/strong> 1999 (MG)<\/p>\n<p>ORALITURA &#8211; <strong>\u00c1rea: texto &#8211; trilha sonora.<br \/>\n<\/strong><strong>Baixa Vis\u00e3o<\/strong> &#8211; 2020 (MG)<\/p>\n<p>CORPO ADERE\u00c7O &#8211; <strong>\u00c1rea: dan\u00e7a.<br \/>\n<\/strong><strong>Nada mais \u00e9 &#8211;<\/strong> 2017 (MG)<\/p>\n<p>PERFORMANCE DO TEMPO ESPIRALAR &#8211; <strong>\u00c1rea: performance.<br \/>\n<\/strong><strong>Vem&#8230; pra ser infeliz! <\/strong>&#8211; 2017 (MG)<\/p>\n<p>LUGAR DA MEM\u00d3RIA &#8211; <strong>\u00c1rea: cena curta.<br \/>\n<\/strong><strong>Ano que vem eu vou &#8211;<\/strong> 2021 (MG &#8211; SP)<\/p>\n<p>AFROGRAFIA &#8211; <strong>\u00c1rea: atua\u00e7\u00e3o.<br \/>\n<\/strong><strong>Quel\u00e9, m\u00e3e do canto ancestral &#8211;<\/strong> 2019 (MG)<\/p>\n<p>CENA EM SOMBRAS &#8211; <strong>\u00c1rea: cen\u00e1rio &#8211; figurino &#8211; luz.<br \/>\n<\/strong><strong>Fiandeira &#8211;<\/strong> 2021 (MG)<\/p>\n<p>PALCO EM NEGRO &#8211; <strong>\u00c1rea: espet\u00e1culo longa dura\u00e7\u00e3o. <\/strong><br \/>\n<strong>Ch\u00e3o de Pequenos &#8211;<\/strong> 2017 (MG)<\/p>\n<p>ANCESTRALIDADE &#8211; <strong>\u00c1rea: personalidade &#8211; homenagem &#8211; revela\u00e7\u00e3o.<br \/>\n<\/strong><strong>Q\u2019eu isse &#8211;<\/strong> 2008 (MG)<br \/>\n<strong>Di-quebrada<\/strong> &#8211; 2021 (BA)<strong><br \/>\n<\/strong><strong>Cadiqu\u00ea &#8211;<\/strong> 2011 (RJ)<br \/>\n<strong>Corpocatimb\u00f3<\/strong> &#8211; 2018 (CE)<br \/>\n<strong>Como falar de coisas invis\u00edveis?<\/strong> &#8211; 2019 (SP)<br \/>\n<strong>Quaseilhas &#8211;<\/strong> 2018 (BA)<br \/>\n<strong>Negra Palavra Solano Trindade &#8211;<\/strong> 2019 (RJ)<br \/>\n<strong>Ainda Vivas &#8211;<\/strong> 2019 (CE)<br \/>\n<strong>Do\u00fa Alab\u00e1 &#8211;<\/strong> 2021 (BA)<\/p>\n<\/div>\n<\/div>\n<\/div>\n<\/div>\n<\/div>\n<\/div>\n<\/div>\n<\/div>\n","protected":false},"excerpt":{"rendered":"<p>PRETUGU\u00caS (2021) Tema que orienta a sele\u00e7\u00e3o dos espet\u00e1culos premiados, referenciado em L\u00c9LIA GONZALEZ. A cultura brasileira \u00e9 uma cultura negra por excel\u00eancia, at\u00e9 o portugu\u00eas que falamos aqui \u00e9 diferente do portugu\u00eas de Portugal. Nosso portugu\u00eas n\u00e3o \u00e9 portugu\u00eas, \u00e9 \u2018pretugu\u00eas\u2019. Se a gente levar em considera\u00e7\u00e3o, por exemplo, a atua\u00e7\u00e3o de mulher negra, [&hellip;]<\/p>\n","protected":false},"author":1,"featured_media":0,"parent":0,"menu_order":0,"comment_status":"closed","ping_status":"closed","template":"page-templates\/page_front-page.php","meta":{"footnotes":""},"class_list":["post-1610","page","type-page","status-publish","hentry"],"_links":{"self":[{"href":"https:\/\/premioledamariamartins.com\/index.php\/wp-json\/wp\/v2\/pages\/1610","targetHints":{"allow":["GET"]}}],"collection":[{"href":"https:\/\/premioledamariamartins.com\/index.php\/wp-json\/wp\/v2\/pages"}],"about":[{"href":"https:\/\/premioledamariamartins.com\/index.php\/wp-json\/wp\/v2\/types\/page"}],"author":[{"embeddable":true,"href":"https:\/\/premioledamariamartins.com\/index.php\/wp-json\/wp\/v2\/users\/1"}],"replies":[{"embeddable":true,"href":"https:\/\/premioledamariamartins.com\/index.php\/wp-json\/wp\/v2\/comments?post=1610"}],"version-history":[{"count":3,"href":"https:\/\/premioledamariamartins.com\/index.php\/wp-json\/wp\/v2\/pages\/1610\/revisions"}],"predecessor-version":[{"id":1614,"href":"https:\/\/premioledamariamartins.com\/index.php\/wp-json\/wp\/v2\/pages\/1610\/revisions\/1614"}],"wp:attachment":[{"href":"https:\/\/premioledamariamartins.com\/index.php\/wp-json\/wp\/v2\/media?parent=1610"}],"curies":[{"name":"wp","href":"https:\/\/api.w.org\/{rel}","templated":true}]}}

<div id="pl-1610"  class="panel-layout" >
<div id="pg-1610-0"  class="panel-grid panel-has-style"  data-style="{&quot;cell_alignment&quot;:&quot;flex-start&quot;,&quot;align&quot;:&quot;&quot;,&quot;background_image&quot;:false,&quot;overlay&quot;:&quot;&quot;,&quot;overlay_color&quot;:&quot;#000000&quot;}" >
<div style="padding: 100px 0; " data-overlay="true" data-overlay-color="#000000" class="panel-row-style panel-row-style-for-1610-0" >
<div id="pgc-1610-0-0"  class="panel-grid-cell"  data-weight="1" >
<div id="panel-1610-0-0-0" class="so-panel widget widget_sow-editor panel-first-child panel-last-child" data-index="0" data-style="{&quot;background_image_attachment&quot;:false,&quot;background_display&quot;:&quot;tile&quot;,&quot;content_alignment&quot;:&quot;left&quot;,&quot;title_color&quot;:&quot;#443f3f&quot;,&quot;headings_color&quot;:&quot;#443f3f&quot;}" >
<div style="text-align: left;" data-title-color="#443f3f" data-headings-color="#443f3f" class="panel-widget-style panel-widget-style-for-1610-0-0-0" >
<div class="so-widget-sow-editor so-widget-sow-editor-base">
<h3 class="widget-title">PRETUGUÊS (2021)</h3>
<div class="siteorigin-widget-tinymce textwidget">
<p><img loading="lazy" decoding="async" class="wp-image-1611 size-medium alignleft" src="https://premioledamariamartins.com/wp-content/uploads/2021/12/img-edicoes-PLLM-2021-300x300.png" alt="" width="300" height="300" srcset="https://premioledamariamartins.com/wp-content/uploads/2021/12/img-edicoes-PLLM-2021-300x300.png 300w, https://premioledamariamartins.com/wp-content/uploads/2021/12/img-edicoes-PLLM-2021-150x150.png 150w, https://premioledamariamartins.com/wp-content/uploads/2021/12/img-edicoes-PLLM-2021-768x768.png 768w, https://premioledamariamartins.com/wp-content/uploads/2021/12/img-edicoes-PLLM-2021-1024x1024.png 1024w, https://premioledamariamartins.com/wp-content/uploads/2021/12/img-edicoes-PLLM-2021-370x370.png 370w, https://premioledamariamartins.com/wp-content/uploads/2021/12/img-edicoes-PLLM-2021-830x830.png 830w, https://premioledamariamartins.com/wp-content/uploads/2021/12/img-edicoes-PLLM-2021-230x230.png 230w, https://premioledamariamartins.com/wp-content/uploads/2021/12/img-edicoes-PLLM-2021-350x350.png 350w, https://premioledamariamartins.com/wp-content/uploads/2021/12/img-edicoes-PLLM-2021-480x480.png 480w, https://premioledamariamartins.com/wp-content/uploads/2021/12/img-edicoes-PLLM-2021.png 1080w" sizes="auto, (max-width: 300px) 100vw, 300px" /></p>
<p style="text-align: justify;">Tema que orienta a seleção dos espetáculos premiados<strong>, </strong>referenciado em LÉLIA GONZALEZ.</p>
<hr />
<p>A cultura brasileira é uma cultura negra por excelência, até o português que falamos aqui é diferente do português de Portugal. Nosso português não é português, é ‘pretuguês’. Se a gente levar em consideração, por exemplo, a atuação de mulher negra, a chamada ‘mãe preta’, que o branco quer adotar como exemplo do negro integrado, que aceitou a democracia etc. e tal, ela, na realidade, tem um papel importantíssimo como sujeito suposto saber nas bases mesmo da formação da cultura brasileira, na medida em que ela passa, ao aleitar as crianças brancas e ao falar o seu português (com todo um acento de quimbundo, de ambundo, enfim, das línguas africanas), é ela que vai passar pro brasileiro, de um modo geral, esse tipo de pronúncia, um modo de ser, de sentir e de pensar. (Entrevista a Patrulhas ideológicas, no livro “Por um Feminismo Afro Latino Americano”. Organização Flavia Rios e Márcia Lima, p.289-290).</p>
<hr />
<p>Dia 13 de dezembro de 2021<br />
<a href="https://youtu.be/hk0BYY_Rw9U">Transmissão ao vivo</a>, exibida do Teatro Espanca<br />
Duração &#8211; 1:46:55</p>
<p>Homenagem: Lélia Gonzalez<br />
Curadoria: Denilson Tourinho<br />
Júri 2021: Anne Vaz e Marcos Alexandre</p>
<hr />
<p>Prêmio: troféu, certificado e livros: “Afrografias da Memória &#8211; O Reinado do Rosário no Jatobá”, “Performances do Tempo Espiralar &#8211; poéticas do corpo-tela” e “Por um Feminismo Afro Latino Americano &#8211; Lélia Gonzalez”.</p>
<p>Participações artísticas: Fabio da Serra (música “Deixa eu Falá meu Pretuguês”) e Josy Anne.</p>
<p>Patrocínio: BDMG Cultural e BDMG</p>
<p>Apoio: Ponta de Anzol e Aqui Também é meu Quilombo.</p>
<p>Parceria: Cerbambu, Editora Perspectiva, Editora Cobogó, Companhia das Letras, Comis Salgados, Kitutu Gourmet, Divino Forno, Valéria Duarte e Aldo Clécius.</p>
<hr />
<p style="text-align: center;"><strong>Espetáculos Premiados em 10 categorias do Prêmio LMM 2021<br />
</strong><em><u>categoria, espetáculo, ano de estreia e localidade</u></em></p>
<p>ENCRUZILHADA &#8211; <strong>Área: direção.<br />
</strong><strong>Ebó</strong> ­­­­­­­­­­­– 2020 (MG)</p>
<p>MURIQUINHO &#8211; <strong>Área: infantojuvenil.<br />
</strong><strong>Omobirim Agbara &#8211;</strong> 1999 (MG)</p>
<p>ORALITURA &#8211; <strong>Área: texto &#8211; trilha sonora.<br />
</strong><strong>Baixa Visão</strong> &#8211; 2020 (MG)</p>
<p>CORPO ADEREÇO &#8211; <strong>Área: dança.<br />
</strong><strong>Nada mais é &#8211;</strong> 2017 (MG)</p>
<p>PERFORMANCE DO TEMPO ESPIRALAR &#8211; <strong>Área: performance.<br />
</strong><strong>Vem&#8230; pra ser infeliz! </strong>&#8211; 2017 (MG)</p>
<p>LUGAR DA MEMÓRIA &#8211; <strong>Área: cena curta.<br />
</strong><strong>Ano que vem eu vou &#8211;</strong> 2021 (MG &#8211; SP)</p>
<p>AFROGRAFIA &#8211; <strong>Área: atuação.<br />
</strong><strong>Quelé, mãe do canto ancestral &#8211;</strong> 2019 (MG)</p>
<p>CENA EM SOMBRAS &#8211; <strong>Área: cenário &#8211; figurino &#8211; luz.<br />
</strong><strong>Fiandeira &#8211;</strong> 2021 (MG)</p>
<p>PALCO EM NEGRO &#8211; <strong>Área: espetáculo longa duração. </strong><br />
<strong>Chão de Pequenos &#8211;</strong> 2017 (MG)</p>
<p>ANCESTRALIDADE &#8211; <strong>Área: personalidade &#8211; homenagem &#8211; revelação.<br />
</strong><strong>Q’eu isse &#8211;</strong> 2008 (MG)<br />
<strong>Di-quebrada</strong> &#8211; 2021 (BA)<strong><br />
</strong><strong>Cadiquê &#8211;</strong> 2011 (RJ)<br />
<strong>Corpocatimbó</strong> &#8211; 2018 (CE)<br />
<strong>Como falar de coisas invisíveis?</strong> &#8211; 2019 (SP)<br />
<strong>Quaseilhas &#8211;</strong> 2018 (BA)<br />
<strong>Negra Palavra Solano Trindade &#8211;</strong> 2019 (RJ)<br />
<strong>Ainda Vivas &#8211;</strong> 2019 (CE)<br />
<strong>Doú Alabá &#8211;</strong> 2021 (BA)</p>
</div>
</div>
</div>
</div>
</div>
</div>
</div>
</div>

<p>PRETUGUÊS (2021) Tema que orienta a seleção dos espetáculos premiados, referenciado em LÉLIA GONZALEZ. A cultura brasileira é uma cultura negra por excelência, até o português que falamos aqui é diferente do português de Portugal. Nosso português não é português, é ‘pretuguês’. Se a gente levar em consideração, por exemplo, a atuação de mulher negra, [&hellip;]</p>
