{"id":991,"date":"2018-12-12T21:22:11","date_gmt":"2018-12-12T23:22:11","guid":{"rendered":"http:\/\/premioledamariamartins.com\/?page_id=991"},"modified":"2021-05-04T13:11:38","modified_gmt":"2021-05-04T16:11:38","slug":"1o-premio-leda-maria-martins-2017","status":"publish","type":"page","link":"https:\/\/premioledamariamartins.com\/index.php\/1o-premio-leda-maria-martins-2017\/","title":{"rendered":"1o Pr\u00eamio Leda Maria Martins &#8211; 2017"},"content":{"rendered":"<div id=\"pl-991\"  class=\"panel-layout\" >\n<div id=\"pg-991-0\"  class=\"panel-grid panel-has-style\"  data-style=\"{&quot;background&quot;:&quot;#e5e5e5&quot;,&quot;row_stretch&quot;:&quot;full&quot;,&quot;cell_alignment&quot;:&quot;flex-start&quot;,&quot;align&quot;:&quot;&quot;,&quot;background_image&quot;:false,&quot;overlay&quot;:&quot;&quot;,&quot;overlay_color&quot;:&quot;#000000&quot;}\"  data-ratio=\"1\"  data-ratio-direction=\"right\" >\n<div class=\"siteorigin-panels-stretch panel-row-style panel-row-style-for-991-0\" style=\"padding: 100px 0; \" data-stretch-type=\"full\" data-overlay=\"true\" data-overlay-color=\"#000000\" >\n<div id=\"pgc-991-0-0\"  class=\"panel-grid-cell\"  data-weight=\"1\" >\n<div id=\"panel-991-0-0-0\" class=\"so-panel widget widget_sow-editor panel-first-child panel-last-child\" data-index=\"0\" data-style=\"{&quot;background_image_attachment&quot;:false,&quot;background_display&quot;:&quot;tile&quot;,&quot;content_alignment&quot;:&quot;left&quot;,&quot;title_color&quot;:&quot;#443f3f&quot;,&quot;headings_color&quot;:&quot;#443f3f&quot;}\" >\n<div style=\"text-align: left;\" data-title-color=\"#443f3f\" data-headings-color=\"#443f3f\" class=\"panel-widget-style panel-widget-style-for-991-0-0-0\" >\n<div class=\"so-widget-sow-editor so-widget-sow-editor-base\">\n<h3 class=\"widget-title\">Afeto Emancipat\u00f3rio (2017)<\/h3>\n<div class=\"siteorigin-widget-tinymce textwidget\">\n<p><img loading=\"lazy\" decoding=\"async\" class=\"wp-image-284 size-medium alignleft\" src=\"https:\/\/premioledamariamartins.com\/wp-content\/uploads\/2018\/12\/img-2017-01-300x300.png\" alt=\"\" width=\"300\" height=\"300\" srcset=\"https:\/\/premioledamariamartins.com\/wp-content\/uploads\/2018\/12\/img-2017-01-300x300.png 300w, https:\/\/premioledamariamartins.com\/wp-content\/uploads\/2018\/12\/img-2017-01-150x150.png 150w, https:\/\/premioledamariamartins.com\/wp-content\/uploads\/2018\/12\/img-2017-01-768x768.png 768w, https:\/\/premioledamariamartins.com\/wp-content\/uploads\/2018\/12\/img-2017-01-1024x1024.png 1024w, https:\/\/premioledamariamartins.com\/wp-content\/uploads\/2018\/12\/img-2017-01-370x370.png 370w, https:\/\/premioledamariamartins.com\/wp-content\/uploads\/2018\/12\/img-2017-01-830x830.png 830w, https:\/\/premioledamariamartins.com\/wp-content\/uploads\/2018\/12\/img-2017-01-230x230.png 230w, https:\/\/premioledamariamartins.com\/wp-content\/uploads\/2018\/12\/img-2017-01-350x350.png 350w, https:\/\/premioledamariamartins.com\/wp-content\/uploads\/2018\/12\/img-2017-01-480x480.png 480w, https:\/\/premioledamariamartins.com\/wp-content\/uploads\/2018\/12\/img-2017-01.png 1063w\" sizes=\"auto, (max-width: 300px) 100vw, 300px\" \/><\/p>\n<p style=\"text-align: justify;\">No dia 27 de setembro de 2016, em Belo Horizonte (galeria de arte Espa\u00e7o F\u00f4lego), a eterna ministra Nilma Lino Gomes nos agraciou em uma roda de conversa com as seguintes palavras&#8230;<\/p>\n<p style=\"text-align: justify;\">&#8230;\u201cN\u00f3s termos lutado contra o racismo dentro da velha pol\u00edtica, digamos assim, n\u00f3s j\u00e1 inovamos, mas navegamos naquela estrutura.<\/p>\n<p style=\"text-align: justify;\">Eu acho que nos ajuda muito quando voc\u00ea n\u00e3o est\u00e1 sozinho. Quando voc\u00ea est\u00e1 com sentido de construir o que eu estou chamando AFETO EMANCIPAT\u00d3RIO, porque a ideia que se tem do afeto \u00e9 que o afeto sempre mina a sua energia, te fragiliza, isso principalmente quando as pessoas querem fazer um discurso mis\u00f3gino, sexista, que associa o afeto \u00e0 mulher, como<br \/>\nmuito feminino mais especificamente, mas o que eu tenho descoberto \u00e9 que o afeto pode ser<br \/>\nemancipat\u00f3rio.<\/p>\n<p style=\"text-align: justify;\">Voc\u00ea pode trabalhar politicamente com afeto, se voc\u00ea tem nisso como estrat\u00e9gia, n\u00e3o \u00e9 f\u00e1cil, mas \u00e9 poss\u00edvel. Isso pode, quem sabe, transformar esse poder que est\u00e1 t\u00e3o cristalizado, t\u00e3o estruturado em velhas formas de fazer a escuta, velhas formas de lidar com o poder, velhas formas de ser racista. E a gente est\u00e1 encontrando agora novas formas.\u201d<\/p>\n<p style=\"text-align: justify;\">Nilma falava frente a frente com \u00c1urea Carolina, que dias depois se tornou a vereadora mais votada da hist\u00f3ria de Belo Horizonte, com afeto emancipat\u00f3rio, tema da 1\u00aa edi\u00e7\u00e3o do Pr\u00eamio Leda Maria Martins.<\/p>\n<hr \/>\n<p>Data de realiza\u00e7\u00e3o: 06 de dezembro de 2017<\/p>\n<p>Local: BDMG Cultural<\/p>\n<hr \/>\n<p style=\"text-align: center;\"><strong>Espet\u00e1culo Premiados em 10 categorias do Pr\u00eamio LMM 2017<\/strong><\/p>\n<p><strong>Comiss\u00e3o de jurados(as)<\/strong>:<br \/>\nMarcos Alexandre: ator, dramaturgo, cr\u00edtico de artes c\u00eanicas e pesquisador.<br \/>\nSoraya Martins: atriz, pesquisadora e cr\u00edtica de artes c\u00eanicas.<br \/>\nGrazi Medrado: atriz, produtora cultural e curadora.<br \/>\nM\u00e1rio Rosa: pesquisador e cr\u00edtico de artes c\u00eanicas.<br \/>\nM\u00e1rcia Maria Cruz: pesquisadora e jornalista cultural.<\/p>\n<p><strong>Categorias:<\/strong><br \/>\n1- Encruzilhada \u2013 \u00c1rea: Dire\u00e7\u00e3o<br \/>\n\u201cPai Contra M\u00e3e\u201d \u2013 Cia Fusion<\/p>\n<p>2- Muriquinho \u2013 \u00c1rea: Infanto-juvenil<br \/>\nAbena \u2013 Cia Bando<\/p>\n<p>3- Oralitura \u2013 \u00c1rea: texto, trilha sonora.<br \/>\nVaga Carne \u2013 Grace Pass\u00f4<\/p>\n<p>4- Corpo Adere\u00e7o \u2013 \u00c1rea: Dan\u00e7a<br \/>\nQuilombos Urbanos \u2013 Cia Ser\u00e1 Que?<\/p>\n<p>5- Performance do Tempo Espiralar \u2013 \u00c1rea: Performance<br \/>\nApologia III \u2013 Coletivo Trope\u00e7o<\/p>\n<p>6- Lugar da Mem\u00f3ria \u2013 \u00c1rea: Cena Curta<br \/>\nROLEZINHO &#8211; nome provis\u00f3rio (Cenas Pretas)\u00a0\u2013 Alexandre de Sena<br \/>\nRef\u00e9m Solar \u2013 Elisa Nunes<\/p>\n<p>7- Afrografia \u2013 \u00c1rea: Atua\u00e7\u00e3o<br \/>\nVaga Carne \u2013 Grace Pass\u00f4<\/p>\n<p>8- Cena em Sombras \u2013 \u00c1rea: Cen\u00e1rio, figurino e\/ou luz.<br \/>\nEras \u2013 Coletivo Negras Autoras<\/p>\n<p>9- Palco em Negro \u2013 \u00c1rea: Espet\u00e1culo longa dura\u00e7\u00e3o.<br \/>\nMadame Sat\u00e3 \u2013 Grupo dos Dez<\/p>\n<p>10 \u2013 Ancestralidade \u2013 \u00c1rea: Personalidade, homenagem, revela\u00e7\u00e3o.<br \/>\nMem\u00f3rias de Bitita: o cora\u00e7\u00e3o n\u00e3o silenciou \u2013 Grupo Circo Teatro Olho da Rua<\/p>\n<hr \/>\n<p style=\"text-align: center;\"><iframe loading=\"lazy\" src=\"https:\/\/www.youtube.com\/embed\/rhWtwH7SLZc\" width=\"560\" height=\"315\" frameborder=\"0\" allowfullscreen=\"allowfullscreen\"><\/iframe><\/p>\n<\/div>\n<\/div>\n<\/div>\n<\/div>\n<\/div>\n<\/div>\n<\/div>\n<\/div>\n","protected":false},"excerpt":{"rendered":"<p>Afeto Emancipat\u00f3rio (2017) No dia 27 de setembro de 2016, em Belo Horizonte (galeria de arte Espa\u00e7o F\u00f4lego), a eterna ministra Nilma Lino Gomes nos agraciou em uma roda de conversa com as seguintes palavras&#8230; &#8230;\u201cN\u00f3s termos lutado contra o racismo dentro da velha pol\u00edtica, digamos assim, n\u00f3s j\u00e1 inovamos, mas navegamos naquela estrutura. Eu [&hellip;]<\/p>\n","protected":false},"author":1,"featured_media":0,"parent":0,"menu_order":0,"comment_status":"closed","ping_status":"closed","template":"page-templates\/page_front-page.php","meta":{"footnotes":""},"class_list":["post-991","page","type-page","status-publish","hentry"],"_links":{"self":[{"href":"https:\/\/premioledamariamartins.com\/index.php\/wp-json\/wp\/v2\/pages\/991","targetHints":{"allow":["GET"]}}],"collection":[{"href":"https:\/\/premioledamariamartins.com\/index.php\/wp-json\/wp\/v2\/pages"}],"about":[{"href":"https:\/\/premioledamariamartins.com\/index.php\/wp-json\/wp\/v2\/types\/page"}],"author":[{"embeddable":true,"href":"https:\/\/premioledamariamartins.com\/index.php\/wp-json\/wp\/v2\/users\/1"}],"replies":[{"embeddable":true,"href":"https:\/\/premioledamariamartins.com\/index.php\/wp-json\/wp\/v2\/comments?post=991"}],"version-history":[{"count":12,"href":"https:\/\/premioledamariamartins.com\/index.php\/wp-json\/wp\/v2\/pages\/991\/revisions"}],"predecessor-version":[{"id":1437,"href":"https:\/\/premioledamariamartins.com\/index.php\/wp-json\/wp\/v2\/pages\/991\/revisions\/1437"}],"wp:attachment":[{"href":"https:\/\/premioledamariamartins.com\/index.php\/wp-json\/wp\/v2\/media?parent=991"}],"curies":[{"name":"wp","href":"https:\/\/api.w.org\/{rel}","templated":true}]}}