{"id":1117,"date":"2019-12-01T17:29:46","date_gmt":"2019-12-01T20:29:46","guid":{"rendered":"http:\/\/premioledamariamartins.com\/?post_type=portfolio&#038;p=1117"},"modified":"2019-12-01T17:29:46","modified_gmt":"2019-12-01T20:29:46","slug":"pesado-demais-para-ventania","status":"publish","type":"portfolio","link":"https:\/\/premioledamariamartins.com\/index.php\/portfolio\/pesado-demais-para-ventania\/","title":{"rendered":"Pesado demais para ventania"},"content":{"rendered":"<p><strong>Estilo:<\/strong>\u00a0Performance<\/p>\n<hr \/>\n<p style=\"text-align: justify;\"><strong>Sinopse:<\/strong>\u00a0Com um texto composto por poemas constantes de sua antologia po\u00e9tica \u201cPesado demais para a ventania\u201d (Todavia, 2018), Ricardo Aleixo traz \u00e0 cena um espet\u00e1culo que dialoga com o teatro \u201cp\u00f3s-dram\u00e1tico\u201d, a radioarte e as pr\u00e1ticas performativas africanas e do Atl\u00e2ntico Negro para tratar de temas como a mundializa\u00e7\u00e3o do racismo, a emerg\u00eancia dos neofascismos, a \u201cnecropol\u00edtica\u201d (Achille Mbembe), a resist\u00eancia ativa e outros.<\/p>\n<hr \/>\n<p style=\"text-align: justify;\"><strong>Ficha T\u00e9cnica:<\/strong>\u00a0\u00a0Concep\u00e7\u00e3o, dramaturgia, textos, dire\u00e7\u00e3o geral, v\u00eddeo (em parceria com Aline Motta), atua\u00e7\u00e3o, trilha sonora original e ruidagem em tempo real: Ricardo Aleixo.<\/p>\n<hr \/>\n<p style=\"text-align: justify;\"><strong>Dura\u00e7\u00e3o:<\/strong>\u00a050 minutos.<\/p>\n<hr \/>\n<p style=\"text-align: justify;\"><strong>Foto:<\/strong>\u00a0@posedu<\/p>\n","protected":false},"excerpt":{"rendered":"<p>Estilo:\u00a0Performance Sinopse:\u00a0Com um texto composto por poemas constantes de sua antologia po\u00e9tica \u201cPesado demais para a ventania\u201d (Todavia, 2018), Ricardo Aleixo traz \u00e0 cena um espet\u00e1culo que dialoga com o teatro \u201cp\u00f3s-dram\u00e1tico\u201d, a radioarte e as pr\u00e1ticas performativas africanas e do Atl\u00e2ntico Negro para tratar de temas como a mundializa\u00e7\u00e3o do racismo, a emerg\u00eancia dos [&hellip;]<\/p>\n","protected":false},"featured_media":1118,"comment_status":"open","ping_status":"closed","template":"","portfolio_cat":[34],"portfolio_skill":[],"class_list":["post-1117","portfolio","type-portfolio","status-publish","has-post-thumbnail","hentry","portfolio_cat-34"],"_links":{"self":[{"href":"https:\/\/premioledamariamartins.com\/index.php\/wp-json\/wp\/v2\/portfolio\/1117","targetHints":{"allow":["GET"]}}],"collection":[{"href":"https:\/\/premioledamariamartins.com\/index.php\/wp-json\/wp\/v2\/portfolio"}],"about":[{"href":"https:\/\/premioledamariamartins.com\/index.php\/wp-json\/wp\/v2\/types\/portfolio"}],"replies":[{"embeddable":true,"href":"https:\/\/premioledamariamartins.com\/index.php\/wp-json\/wp\/v2\/comments?post=1117"}],"version-history":[{"count":1,"href":"https:\/\/premioledamariamartins.com\/index.php\/wp-json\/wp\/v2\/portfolio\/1117\/revisions"}],"predecessor-version":[{"id":1119,"href":"https:\/\/premioledamariamartins.com\/index.php\/wp-json\/wp\/v2\/portfolio\/1117\/revisions\/1119"}],"wp:featuredmedia":[{"embeddable":true,"href":"https:\/\/premioledamariamartins.com\/index.php\/wp-json\/wp\/v2\/media\/1118"}],"wp:attachment":[{"href":"https:\/\/premioledamariamartins.com\/index.php\/wp-json\/wp\/v2\/media?parent=1117"}],"wp:term":[{"taxonomy":"portfolio_cat","embeddable":true,"href":"https:\/\/premioledamariamartins.com\/index.php\/wp-json\/wp\/v2\/portfolio_cat?post=1117"},{"taxonomy":"portfolio_skill","embeddable":true,"href":"https:\/\/premioledamariamartins.com\/index.php\/wp-json\/wp\/v2\/portfolio_skill?post=1117"}],"curies":[{"name":"wp","href":"https:\/\/api.w.org\/{rel}","templated":true}]}}

<p><strong>Estilo:</strong> Performance</p>
<hr />
<p style="text-align: justify;"><strong>Sinopse:</strong> Com um texto composto por poemas constantes de sua antologia poética “Pesado demais para a ventania” (Todavia, 2018), Ricardo Aleixo traz à cena um espetáculo que dialoga com o teatro “pós-dramático”, a radioarte e as práticas performativas africanas e do Atlântico Negro para tratar de temas como a mundialização do racismo, a emergência dos neofascismos, a “necropolítica” (Achille Mbembe), a resistência ativa e outros.</p>
<hr />
<p style="text-align: justify;"><strong>Ficha Técnica:</strong>  Concepção, dramaturgia, textos, direção geral, vídeo (em parceria com Aline Motta), atuação, trilha sonora original e ruidagem em tempo real: Ricardo Aleixo.</p>
<hr />
<p style="text-align: justify;"><strong>Duração:</strong> 50 minutos.</p>
<hr />
<p style="text-align: justify;"><strong>Foto:</strong> @posedu</p>

<p>Estilo: Performance Sinopse: Com um texto composto por poemas constantes de sua antologia poética “Pesado demais para a ventania” (Todavia, 2018), Ricardo Aleixo traz à cena um espetáculo que dialoga com o teatro “pós-dramático”, a radioarte e as práticas performativas africanas e do Atlântico Negro para tratar de temas como a mundialização do racismo, a emergência dos [&hellip;]</p>
