{"id":1448,"date":"2021-05-20T13:41:00","date_gmt":"2021-05-20T16:41:00","guid":{"rendered":"http:\/\/premioledamariamartins.com\/?post_type=portfolio&#038;p=1448"},"modified":"2021-05-20T13:41:00","modified_gmt":"2021-05-20T16:41:00","slug":"do-rosario","status":"publish","type":"portfolio","link":"https:\/\/premioledamariamartins.com\/index.php\/portfolio\/do-rosario\/","title":{"rendered":"Do Ros\u00e1rio"},"content":{"rendered":"<p style=\"text-align: justify;\"><strong>Estilo: <\/strong>Dan\u00e7a Longa dura\u00e7\u00e3o <\/p>\n<hr \/>\n<p style=\"text-align: justify;\"><strong>Sinopse: <\/strong>\u201cO espet\u00e1culo Do Ros\u00e1rio (1988), foi fruto da pesquisa realizada em Diamantina, Minas Gerais, durante a Festa de Nossa Senhora do Ros\u00e1rio dos Homens Pretos. Tratou-se de uma refer\u00eancia \u00e0 resist\u00eancia negra intermediada pela religiosidade sincr\u00e9tica do catolicismo negro.<br \/>\nA partir da observa\u00e7\u00e3o e da participa\u00e7\u00e3o nessas festividades, utilizei o trabalho de cria\u00e7\u00e3o coletiva. Os bailarinos trouxeram para o processo criativo, passos da Congada, da Marujada, al\u00e9m das cantigas e vestimentas. Desse conjunto, surgiu uma releitura dos temas propostos em movimentos coreogr\u00e1ficos e c\u00eanicos, que revelava o rico territ\u00f3rio po\u00e9tico dessas festividades.<br \/>\nFalar dessas heran\u00e7as em forma de arte e poesia, transmitida com o corpo, ao som dos atabaques, foi uma escolha necess\u00e1ria, uma refer\u00eancia para o conjunto da popula\u00e7\u00e3o negra, branca e mesti\u00e7a. Pensei, ainda, em uma integra\u00e7\u00e3o inter-racial que valorizasse a multiplicidade \u00e9tnica brasileira. Gostaria de elaborar com a linguagem art\u00edstica da Dan\u00e7a Afro percep\u00e7\u00f5es de mudan\u00e7as que dessem conta das vicissitudes de heran\u00e7as africanas em dialogo com a diversidade. (Fonte: Disserta\u00e7\u00e3o de mestrado Evandro dos Passos Xavier)\n<\/p>\n<hr \/>\n<p style=\"text-align: justify;\"><strong>Ficha T\u00e9cnica: <\/strong>Cia Bataka<\/p>\n<hr \/>\n<p style=\"text-align: justify;\"><strong>Foto: <\/strong>Arquivo pessoal de Evandro Passos<\/p>\n","protected":false},"excerpt":{"rendered":"<p>Estilo: Dan\u00e7a Longa dura\u00e7\u00e3o Sinopse: \u201cO espet\u00e1culo Do Ros\u00e1rio (1988), foi fruto da pesquisa realizada em Diamantina, Minas Gerais, durante a Festa de Nossa Senhora do Ros\u00e1rio dos Homens Pretos. Tratou-se de uma refer\u00eancia \u00e0 resist\u00eancia negra intermediada pela religiosidade sincr\u00e9tica do catolicismo negro. A partir da observa\u00e7\u00e3o e da participa\u00e7\u00e3o nessas festividades, utilizei o [&hellip;]<\/p>\n","protected":false},"featured_media":1449,"comment_status":"open","ping_status":"closed","template":"","portfolio_cat":[40],"portfolio_skill":[],"class_list":["post-1448","portfolio","type-portfolio","status-publish","has-post-thumbnail","hentry","portfolio_cat-40"],"_links":{"self":[{"href":"https:\/\/premioledamariamartins.com\/index.php\/wp-json\/wp\/v2\/portfolio\/1448","targetHints":{"allow":["GET"]}}],"collection":[{"href":"https:\/\/premioledamariamartins.com\/index.php\/wp-json\/wp\/v2\/portfolio"}],"about":[{"href":"https:\/\/premioledamariamartins.com\/index.php\/wp-json\/wp\/v2\/types\/portfolio"}],"replies":[{"embeddable":true,"href":"https:\/\/premioledamariamartins.com\/index.php\/wp-json\/wp\/v2\/comments?post=1448"}],"version-history":[{"count":1,"href":"https:\/\/premioledamariamartins.com\/index.php\/wp-json\/wp\/v2\/portfolio\/1448\/revisions"}],"predecessor-version":[{"id":1450,"href":"https:\/\/premioledamariamartins.com\/index.php\/wp-json\/wp\/v2\/portfolio\/1448\/revisions\/1450"}],"wp:featuredmedia":[{"embeddable":true,"href":"https:\/\/premioledamariamartins.com\/index.php\/wp-json\/wp\/v2\/media\/1449"}],"wp:attachment":[{"href":"https:\/\/premioledamariamartins.com\/index.php\/wp-json\/wp\/v2\/media?parent=1448"}],"wp:term":[{"taxonomy":"portfolio_cat","embeddable":true,"href":"https:\/\/premioledamariamartins.com\/index.php\/wp-json\/wp\/v2\/portfolio_cat?post=1448"},{"taxonomy":"portfolio_skill","embeddable":true,"href":"https:\/\/premioledamariamartins.com\/index.php\/wp-json\/wp\/v2\/portfolio_skill?post=1448"}],"curies":[{"name":"wp","href":"https:\/\/api.w.org\/{rel}","templated":true}]}}

Do Rosário

<p style="text-align: justify;"><strong>Estilo: </strong>Dança Longa duração </p>
<hr />
<p style="text-align: justify;"><strong>Sinopse: </strong>“O espetáculo Do Rosário (1988), foi fruto da pesquisa realizada em Diamantina, Minas Gerais, durante a Festa de Nossa Senhora do Rosário dos Homens Pretos. Tratou-se de uma referência à resistência negra intermediada pela religiosidade sincrética do catolicismo negro.<br />
A partir da observação e da participação nessas festividades, utilizei o trabalho de criação coletiva. Os bailarinos trouxeram para o processo criativo, passos da Congada, da Marujada, além das cantigas e vestimentas. Desse conjunto, surgiu uma releitura dos temas propostos em movimentos coreográficos e cênicos, que revelava o rico território poético dessas festividades.<br />
Falar dessas heranças em forma de arte e poesia, transmitida com o corpo, ao som dos atabaques, foi uma escolha necessária, uma referência para o conjunto da população negra, branca e mestiça. Pensei, ainda, em uma integração inter-racial que valorizasse a multiplicidade étnica brasileira. Gostaria de elaborar com a linguagem artística da Dança Afro percepções de mudanças que dessem conta das vicissitudes de heranças africanas em dialogo com a diversidade. (Fonte: Dissertação de mestrado Evandro dos Passos Xavier)
</p>
<hr />
<p style="text-align: justify;"><strong>Ficha Técnica: </strong>Cia Bataka</p>
<hr />
<p style="text-align: justify;"><strong>Foto: </strong>Arquivo pessoal de Evandro Passos</p>

<p>Estilo: Dança Longa duração Sinopse: “O espetáculo Do Rosário (1988), foi fruto da pesquisa realizada em Diamantina, Minas Gerais, durante a Festa de Nossa Senhora do Rosário dos Homens Pretos. Tratou-se de uma referência à resistência negra intermediada pela religiosidade sincrética do catolicismo negro. A partir da observação e da participação nessas festividades, utilizei o [&hellip;]</p>
