{"id":1561,"date":"2021-10-06T18:51:37","date_gmt":"2021-10-06T21:51:37","guid":{"rendered":"http:\/\/premioledamariamartins.com\/?post_type=portfolio&#038;p=1561"},"modified":"2021-11-06T18:51:46","modified_gmt":"2021-11-06T21:51:46","slug":"a-silhueta-de-maria-efigenia","status":"publish","type":"portfolio","link":"https:\/\/premioledamariamartins.com\/index.php\/portfolio\/a-silhueta-de-maria-efigenia\/","title":{"rendered":"A silhueta de Maria Efig\u00eania"},"content":{"rendered":"<hr \/>\n<p style=\"text-align: justify;\"><strong>Estilo:\u00a0<\/strong>cena curta <\/p>\n<hr \/>\n<p style=\"text-align: justify;\"><strong>Sinopse:\u00a0<\/strong> Folheando o \u00e1lbum de fotos de fam\u00edlia, uma jovem se depara com uma lembran\u00e7a silenciosa. A fotografia de uma parenta quase nunca mencionada dentro de casa, Maria Efig\u00eania. Movimentada por aquela imagem, ela decide ent\u00e3o dar voz a esse passado, rompendo com o sil\u00eancio. Atrav\u00e9s dessa mem\u00f3ria tamb\u00e9m, a garota se conecta \u00e0 hist\u00f3ria do estado de Minas Gerais.<\/p>\n<hr \/>\n<p style=\"text-align: justify;\"><strong>Ficha T\u00e9cnica:\u00a0<\/strong>Dire\u00e7\u00e3o e Roteiro: Ana Elisa Gon\u00e7alves. Atriz e Pintora: Ana Elisa Gon\u00e7alves. Produ\u00e7\u00e3o: Anna Miranda de Souza. Ilumina\u00e7\u00e3o: Anna Miranda de Souza. Figurino: Ana Elisa Gon\u00e7alves. Pr\u00e9-produ\u00e7\u00e3o: Anna Miranda de Souza. Sonoplastia: Gui Ventura. Trilha Sonora: Improvisa\u00e7\u00e3o &#8211; Gui Ventura. Imagens de 1960\/1970: Arquivo P\u00fablico do Estado de S\u00e3o Paulo. <\/p>\n<hr \/>\n<p style=\"text-align: justify;\"><strong>Foto:\u00a0<\/strong>Patrick Arley <\/p>\n","protected":false},"excerpt":{"rendered":"<p>Estilo:\u00a0cena curta Sinopse:\u00a0 Folheando o \u00e1lbum de fotos de fam\u00edlia, uma jovem se depara com uma lembran\u00e7a silenciosa. A fotografia de uma parenta quase nunca mencionada dentro de casa, Maria Efig\u00eania. Movimentada por aquela imagem, ela decide ent\u00e3o dar voz a esse passado, rompendo com o sil\u00eancio. Atrav\u00e9s dessa mem\u00f3ria tamb\u00e9m, a garota se conecta [&hellip;]<\/p>\n","protected":false},"featured_media":1562,"comment_status":"open","ping_status":"closed","template":"","portfolio_cat":[35],"portfolio_skill":[],"class_list":["post-1561","portfolio","type-portfolio","status-publish","has-post-thumbnail","hentry","portfolio_cat-35"],"_links":{"self":[{"href":"https:\/\/premioledamariamartins.com\/index.php\/wp-json\/wp\/v2\/portfolio\/1561","targetHints":{"allow":["GET"]}}],"collection":[{"href":"https:\/\/premioledamariamartins.com\/index.php\/wp-json\/wp\/v2\/portfolio"}],"about":[{"href":"https:\/\/premioledamariamartins.com\/index.php\/wp-json\/wp\/v2\/types\/portfolio"}],"replies":[{"embeddable":true,"href":"https:\/\/premioledamariamartins.com\/index.php\/wp-json\/wp\/v2\/comments?post=1561"}],"version-history":[{"count":1,"href":"https:\/\/premioledamariamartins.com\/index.php\/wp-json\/wp\/v2\/portfolio\/1561\/revisions"}],"predecessor-version":[{"id":1563,"href":"https:\/\/premioledamariamartins.com\/index.php\/wp-json\/wp\/v2\/portfolio\/1561\/revisions\/1563"}],"wp:featuredmedia":[{"embeddable":true,"href":"https:\/\/premioledamariamartins.com\/index.php\/wp-json\/wp\/v2\/media\/1562"}],"wp:attachment":[{"href":"https:\/\/premioledamariamartins.com\/index.php\/wp-json\/wp\/v2\/media?parent=1561"}],"wp:term":[{"taxonomy":"portfolio_cat","embeddable":true,"href":"https:\/\/premioledamariamartins.com\/index.php\/wp-json\/wp\/v2\/portfolio_cat?post=1561"},{"taxonomy":"portfolio_skill","embeddable":true,"href":"https:\/\/premioledamariamartins.com\/index.php\/wp-json\/wp\/v2\/portfolio_skill?post=1561"}],"curies":[{"name":"wp","href":"https:\/\/api.w.org\/{rel}","templated":true}]}}

A silhueta de Maria Efigênia

<hr />
<p style="text-align: justify;"><strong>Estilo: </strong>cena curta </p>
<hr />
<p style="text-align: justify;"><strong>Sinopse: </strong> Folheando o álbum de fotos de família, uma jovem se depara com uma lembrança silenciosa. A fotografia de uma parenta quase nunca mencionada dentro de casa, Maria Efigênia. Movimentada por aquela imagem, ela decide então dar voz a esse passado, rompendo com o silêncio. Através dessa memória também, a garota se conecta à história do estado de Minas Gerais.</p>
<hr />
<p style="text-align: justify;"><strong>Ficha Técnica: </strong>Direção e Roteiro: Ana Elisa Gonçalves. Atriz e Pintora: Ana Elisa Gonçalves. Produção: Anna Miranda de Souza. Iluminação: Anna Miranda de Souza. Figurino: Ana Elisa Gonçalves. Pré-produção: Anna Miranda de Souza. Sonoplastia: Gui Ventura. Trilha Sonora: Improvisação &#8211; Gui Ventura. Imagens de 1960/1970: Arquivo Público do Estado de São Paulo. </p>
<hr />
<p style="text-align: justify;"><strong>Foto: </strong>Patrick Arley </p>

<p>Estilo: cena curta Sinopse:  Folheando o álbum de fotos de família, uma jovem se depara com uma lembrança silenciosa. A fotografia de uma parenta quase nunca mencionada dentro de casa, Maria Efigênia. Movimentada por aquela imagem, ela decide então dar voz a esse passado, rompendo com o silêncio. Através dessa memória também, a garota se conecta [&hellip;]</p>
