{"id":2196,"date":"2024-11-16T18:32:35","date_gmt":"2024-11-16T21:32:35","guid":{"rendered":"https:\/\/premioledamariamartins.com\/?post_type=portfolio&#038;p=2196"},"modified":"2024-11-16T20:23:58","modified_gmt":"2024-11-16T23:23:58","slug":"memorias-em-becos","status":"publish","type":"portfolio","link":"https:\/\/premioledamariamartins.com\/index.php\/portfolio\/memorias-em-becos\/","title":{"rendered":"Mem\u00f3rias em Becos"},"content":{"rendered":"<p style=\"text-align: justify;\"><strong>Estilo: <span style=\"font-weight: 400;\">espet\u00e1culo de dan\u00e7a longa dura\u00e7\u00e3o<\/span><\/strong><\/p>\n<hr \/>\n<p style=\"text-align: justify;\"><strong>Sinopse: <span style=\"font-weight: 400;\">Inspirado na obra &#8220;Becos da Mem\u00f3ria&#8221;, de Concei\u00e7\u00e3o Evaristo @conceicaoevaristooficial, trazemos nossas escreviv\u00eancias em di\u00e1logo com o livro, buscando adensar em nossas mem\u00f3rias ancestrais para nos compreender enquanto corpos em di\u00e1spora. O futuro \u00e9 ancestral&#8230;<\/span><\/strong><\/p>\n<hr \/>\n<p style=\"text-align: justify;\"><strong>Ficha T\u00e9cnica: <span style=\"font-weight: 400;\">Dire\u00e7\u00e3o geral: @brunadcarlo e @negao2. Dire\u00e7\u00e3o art\u00edstica: @amandinhaggoncalves e @pimenta21. Professores core\u00f3grafos: @amandinhaggoncalves @ludferrara @teiakokkinopoulos @dyellenoliver @brunadcarlo @negao2 @ere.welerson @john.morais96 @leandrosa.rafael @leonardorosalino @baonicle @annalusrc @opeedrobarbosa. Elenco: Projeto Anjos D&#8217;Rua. Apoio institucional: @complexoesportivopucminas. Arte: @assiss.isabel<\/span><\/strong><\/p>\n<hr \/>\n<p style=\"text-align: justify;\"><strong>Fonte:<\/strong> https:\/\/www.youtube.com\/watch?v=9VlOU0GDfuc&amp;t=9shttps:\/\/www.sympla.com.br\/evento\/reapresentacao-memorias-em-becos-18-00\/2518922?referrer=www.google.com<\/p>\n<hr \/>\n<p style=\"text-align: justify;\"><strong>Foto: <span style=\"font-weight: 400;\">Frame v\u00eddeo YouTube<\/span><\/strong><\/p>\n","protected":false},"excerpt":{"rendered":"<p>Estilo: espet\u00e1culo de dan\u00e7a longa dura\u00e7\u00e3o Sinopse: Inspirado na obra &#8220;Becos da Mem\u00f3ria&#8221;, de Concei\u00e7\u00e3o Evaristo @conceicaoevaristooficial, trazemos nossas escreviv\u00eancias em di\u00e1logo com o livro, buscando adensar em nossas mem\u00f3rias ancestrais para nos compreender enquanto corpos em di\u00e1spora. O futuro \u00e9 ancestral&#8230; Ficha T\u00e9cnica: Dire\u00e7\u00e3o geral: @brunadcarlo e @negao2. Dire\u00e7\u00e3o art\u00edstica: @amandinhaggoncalves e @pimenta21. Professores [&hellip;]<\/p>\n","protected":false},"featured_media":2197,"comment_status":"closed","ping_status":"closed","template":"","portfolio_cat":[44],"portfolio_skill":[],"class_list":["post-2196","portfolio","type-portfolio","status-publish","has-post-thumbnail","hentry","portfolio_cat-44"],"_links":{"self":[{"href":"https:\/\/premioledamariamartins.com\/index.php\/wp-json\/wp\/v2\/portfolio\/2196","targetHints":{"allow":["GET"]}}],"collection":[{"href":"https:\/\/premioledamariamartins.com\/index.php\/wp-json\/wp\/v2\/portfolio"}],"about":[{"href":"https:\/\/premioledamariamartins.com\/index.php\/wp-json\/wp\/v2\/types\/portfolio"}],"replies":[{"embeddable":true,"href":"https:\/\/premioledamariamartins.com\/index.php\/wp-json\/wp\/v2\/comments?post=2196"}],"version-history":[{"count":1,"href":"https:\/\/premioledamariamartins.com\/index.php\/wp-json\/wp\/v2\/portfolio\/2196\/revisions"}],"predecessor-version":[{"id":2198,"href":"https:\/\/premioledamariamartins.com\/index.php\/wp-json\/wp\/v2\/portfolio\/2196\/revisions\/2198"}],"wp:featuredmedia":[{"embeddable":true,"href":"https:\/\/premioledamariamartins.com\/index.php\/wp-json\/wp\/v2\/media\/2197"}],"wp:attachment":[{"href":"https:\/\/premioledamariamartins.com\/index.php\/wp-json\/wp\/v2\/media?parent=2196"}],"wp:term":[{"taxonomy":"portfolio_cat","embeddable":true,"href":"https:\/\/premioledamariamartins.com\/index.php\/wp-json\/wp\/v2\/portfolio_cat?post=2196"},{"taxonomy":"portfolio_skill","embeddable":true,"href":"https:\/\/premioledamariamartins.com\/index.php\/wp-json\/wp\/v2\/portfolio_skill?post=2196"}],"curies":[{"name":"wp","href":"https:\/\/api.w.org\/{rel}","templated":true}]}}

Memórias em Becos

<p style="text-align: justify;"><strong>Estilo: <span style="font-weight: 400;">espetáculo de dança longa duração</span></strong></p>
<hr />
<p style="text-align: justify;"><strong>Sinopse: <span style="font-weight: 400;">Inspirado na obra &#8220;Becos da Memória&#8221;, de Conceição Evaristo @conceicaoevaristooficial, trazemos nossas escrevivências em diálogo com o livro, buscando adensar em nossas memórias ancestrais para nos compreender enquanto corpos em diáspora. O futuro é ancestral&#8230;</span></strong></p>
<hr />
<p style="text-align: justify;"><strong>Ficha Técnica: <span style="font-weight: 400;">Direção geral: @brunadcarlo e @negao2. Direção artística: @amandinhaggoncalves e @pimenta21. Professores coreógrafos: @amandinhaggoncalves @ludferrara @teiakokkinopoulos @dyellenoliver @brunadcarlo @negao2 @ere.welerson @john.morais96 @leandrosa.rafael @leonardorosalino @baonicle @annalusrc @opeedrobarbosa. Elenco: Projeto Anjos D&#8217;Rua. Apoio institucional: @complexoesportivopucminas. Arte: @assiss.isabel</span></strong></p>
<hr />
<p style="text-align: justify;"><strong>Fonte:</strong> https://www.youtube.com/watch?v=9VlOU0GDfuc&amp;t=9shttps://www.sympla.com.br/evento/reapresentacao-memorias-em-becos-18-00/2518922?referrer=www.google.com</p>
<hr />
<p style="text-align: justify;"><strong>Foto: <span style="font-weight: 400;">Frame vídeo YouTube</span></strong></p>

<p>Estilo: espetáculo de dança longa duração Sinopse: Inspirado na obra &#8220;Becos da Memória&#8221;, de Conceição Evaristo @conceicaoevaristooficial, trazemos nossas escrevivências em diálogo com o livro, buscando adensar em nossas memórias ancestrais para nos compreender enquanto corpos em diáspora. O futuro é ancestral&#8230; Ficha Técnica: Direção geral: @brunadcarlo e @negao2. Direção artística: @amandinhaggoncalves e @pimenta21. Professores [&hellip;]</p>
