{"id":2282,"date":"2024-11-16T19:56:31","date_gmt":"2024-11-16T22:56:31","guid":{"rendered":"https:\/\/premioledamariamartins.com\/?post_type=portfolio&#038;p=2282"},"modified":"2024-11-16T20:20:47","modified_gmt":"2024-11-16T23:20:47","slug":"capela-gerais","status":"publish","type":"portfolio","link":"https:\/\/premioledamariamartins.com\/index.php\/portfolio\/capela-gerais\/","title":{"rendered":"Capela Gerais"},"content":{"rendered":"<p style=\"text-align: justify;\"><strong>Estilo: <span style=\"font-weight: 400;\">espet\u00e1culo de dan\u00e7a<\/span><\/strong><\/p>\n<hr \/>\n<p style=\"text-align: justify;\"><strong>Sinopse: <span style=\"font-weight: 400;\">&#8220;Capela Gerais&#8221; \u00e9 um espet\u00e1culo solo de dan\u00e7a contempor\u00e2nea que explora as profundezas das tradi\u00e7\u00f5es culturais de Minas Gerais a partir da perspectiva de um bailarino negro. Atrav\u00e9s de uma coreografia rica e uma trilha sonora original, o espet\u00e1culo entrela\u00e7a identidade, ancestralidade e inova\u00e7\u00e3o art\u00edstica, destacando as influ\u00eancias afro-brasileiras muitas vezes subestimadas na cultura mineira. O corpo do bailarino se transforma em um canal de express\u00e3o para mem\u00f3rias ancestrais e identidades em constante evolu\u00e7\u00e3o, propondo uma reflex\u00e3o cr\u00edtica sobre as tradi\u00e7\u00f5es e as estruturas sociais que moldam a arte.<\/span><\/strong><\/p>\n<hr \/>\n<p style=\"text-align: justify;\"><strong>Ficha T\u00e9cnica: <span style=\"font-weight: 400;\">Heron Loreto: Ilumina\u00e7\u00e3o. Jo\u00e3o Pedro: Sonoplastia. Fl\u00e1vio Maciel: v\u00eddeo Imagem. Anderson Aleixo: Bailarino<\/span><\/strong><\/p>\n<hr \/>\n<p style=\"text-align: justify;\"><strong>Fonte:\u00a0<\/strong>https:\/\/www.instagram.com\/p\/DB8vWq9OD8R\/<\/p>\n<hr \/>\n<p style=\"text-align: justify;\"><strong>Foto: <span style=\"font-weight: 400;\">cartaz<\/span><\/strong><\/p>\n","protected":false},"excerpt":{"rendered":"<p>Estilo: espet\u00e1culo de dan\u00e7a Sinopse: &#8220;Capela Gerais&#8221; \u00e9 um espet\u00e1culo solo de dan\u00e7a contempor\u00e2nea que explora as profundezas das tradi\u00e7\u00f5es culturais de Minas Gerais a partir da perspectiva de um bailarino negro. Atrav\u00e9s de uma coreografia rica e uma trilha sonora original, o espet\u00e1culo entrela\u00e7a identidade, ancestralidade e inova\u00e7\u00e3o art\u00edstica, destacando as influ\u00eancias afro-brasileiras muitas [&hellip;]<\/p>\n","protected":false},"featured_media":2283,"comment_status":"closed","ping_status":"closed","template":"","portfolio_cat":[47],"portfolio_skill":[],"class_list":["post-2282","portfolio","type-portfolio","status-publish","has-post-thumbnail","hentry","portfolio_cat-47"],"_links":{"self":[{"href":"https:\/\/premioledamariamartins.com\/index.php\/wp-json\/wp\/v2\/portfolio\/2282","targetHints":{"allow":["GET"]}}],"collection":[{"href":"https:\/\/premioledamariamartins.com\/index.php\/wp-json\/wp\/v2\/portfolio"}],"about":[{"href":"https:\/\/premioledamariamartins.com\/index.php\/wp-json\/wp\/v2\/types\/portfolio"}],"replies":[{"embeddable":true,"href":"https:\/\/premioledamariamartins.com\/index.php\/wp-json\/wp\/v2\/comments?post=2282"}],"version-history":[{"count":1,"href":"https:\/\/premioledamariamartins.com\/index.php\/wp-json\/wp\/v2\/portfolio\/2282\/revisions"}],"predecessor-version":[{"id":2284,"href":"https:\/\/premioledamariamartins.com\/index.php\/wp-json\/wp\/v2\/portfolio\/2282\/revisions\/2284"}],"wp:featuredmedia":[{"embeddable":true,"href":"https:\/\/premioledamariamartins.com\/index.php\/wp-json\/wp\/v2\/media\/2283"}],"wp:attachment":[{"href":"https:\/\/premioledamariamartins.com\/index.php\/wp-json\/wp\/v2\/media?parent=2282"}],"wp:term":[{"taxonomy":"portfolio_cat","embeddable":true,"href":"https:\/\/premioledamariamartins.com\/index.php\/wp-json\/wp\/v2\/portfolio_cat?post=2282"},{"taxonomy":"portfolio_skill","embeddable":true,"href":"https:\/\/premioledamariamartins.com\/index.php\/wp-json\/wp\/v2\/portfolio_skill?post=2282"}],"curies":[{"name":"wp","href":"https:\/\/api.w.org\/{rel}","templated":true}]}}

<p style="text-align: justify;"><strong>Estilo: <span style="font-weight: 400;">espetáculo de dança</span></strong></p>
<hr />
<p style="text-align: justify;"><strong>Sinopse: <span style="font-weight: 400;">&#8220;Capela Gerais&#8221; é um espetáculo solo de dança contemporânea que explora as profundezas das tradições culturais de Minas Gerais a partir da perspectiva de um bailarino negro. Através de uma coreografia rica e uma trilha sonora original, o espetáculo entrelaça identidade, ancestralidade e inovação artística, destacando as influências afro-brasileiras muitas vezes subestimadas na cultura mineira. O corpo do bailarino se transforma em um canal de expressão para memórias ancestrais e identidades em constante evolução, propondo uma reflexão crítica sobre as tradições e as estruturas sociais que moldam a arte.</span></strong></p>
<hr />
<p style="text-align: justify;"><strong>Ficha Técnica: <span style="font-weight: 400;">Heron Loreto: Iluminação. João Pedro: Sonoplastia. Flávio Maciel: vídeo Imagem. Anderson Aleixo: Bailarino</span></strong></p>
<hr />
<p style="text-align: justify;"><strong>Fonte: </strong>https://www.instagram.com/p/DB8vWq9OD8R/</p>
<hr />
<p style="text-align: justify;"><strong>Foto: <span style="font-weight: 400;">cartaz</span></strong></p>

<p>Estilo: espetáculo de dança Sinopse: &#8220;Capela Gerais&#8221; é um espetáculo solo de dança contemporânea que explora as profundezas das tradições culturais de Minas Gerais a partir da perspectiva de um bailarino negro. Através de uma coreografia rica e uma trilha sonora original, o espetáculo entrelaça identidade, ancestralidade e inovação artística, destacando as influências afro-brasileiras muitas [&hellip;]</p>
