{"id":808,"date":"2018-12-11T14:21:55","date_gmt":"2018-12-11T16:21:55","guid":{"rendered":"http:\/\/premioledamariamartins.com\/?post_type=portfolio&#038;p=808"},"modified":"2018-12-11T14:21:55","modified_gmt":"2018-12-11T16:21:55","slug":"o-ultimo-voo-do-flamingo","status":"publish","type":"portfolio","link":"https:\/\/premioledamariamartins.com\/index.php\/portfolio\/o-ultimo-voo-do-flamingo\/","title":{"rendered":"O \u00daltimo V\u00f4o do Flamingo"},"content":{"rendered":"<p style=\"text-align: justify;\"><strong>Estilo:\u00a0<\/strong>Espet\u00e1culo longa dura\u00e7\u00e3o<\/p>\n<hr \/>\n<p style=\"text-align: justify;\"><strong>Sinopse:\u00a0<\/strong>Baseado no romance de Mia Couto, o espet\u00e1culo teatral hom\u00f4nimo tem dire\u00e7\u00e3o de Paulo C\u00e9sar e Papoula Bicalho. Depois de trabalharem juntos na pe\u00e7a \u00d3: a fam\u00edlia do Seu Nelsinho tem ins\u00f4nia, a dupla pretende levar ao p\u00fablico a poesia, ironia, humor e a vis\u00e3o pol\u00edtica do escritor mo\u00e7ambicano. Conhecida apenas por suas mazelas, mis\u00e9rias e conflitos \u00e9tnicos, a \u00c1frica \u00e9 retratada atrav\u00e9s de outros recortes no espet\u00e1culo O \u00daltimo V\u00f4o do Flamingo. A plat\u00e9ia \u00e9 transportada para uma realidade distinta, aquela que inclui a poesia da vida cotidiana, o universo m\u00e1gico do homem africano, suas esperan\u00e7as e contradi\u00e7\u00f5es. No elenco, atores que tamb\u00e9m cantam e tocam instrumentos variados e utilizam m\u00e1scaras, bonecos e adere\u00e7os. Juntos contam uma hist\u00f3ria que \u201cfala de uma perversa fabrica\u00e7\u00e3o de aus\u00eancia, a falta de uma terra toda inteira, um imenso rapto de esperan\u00e7a praticado pela gan\u00e2ncia dos poderosos\u201d, nas palavras de Mia Couto.<\/p>\n<hr \/>\n<p style=\"text-align: justify;\"><strong>Ficha T\u00e9cnica:\u00a0<\/strong>Dire\u00e7\u00e3o: Papoula Bicalho e Paulo C\u00e9sar Bicalho. Adapta\u00e7\u00e3o: Paulo C\u00e9sar Bicalho. Texto: Mia Couto. Produ\u00e7\u00e3o: Matilde Biadi. Elenco: Alexandre de Sena, Gercino Alves, Jana\u00edna Moreno, Let\u00edcia Castilho, Lucas Avelar, Luc\u00edlio Gomes, Miguel Safe, Renato Parara, Simone de Alc\u00e2ntara. M\u00fasica: Papoula Bicalho, Luc\u00edlio Gomes, Gercino Alves e Alexandre de Sena. Dire\u00e7\u00e3o Musical: Daniel Mariano. Ilumina\u00e7\u00e3o: Marcelo Miyagi. Cen\u00e1rio: Paulo C\u00e9sar Bicalho e Tiao Vieira. Figurinos: Poliana Esp\u00edrito Santo. Assistente de Figurinos: Lu\u00edza Pimentel. Confec\u00e7\u00e3o de figurinos: Gra\u00e7a Zeymer Bonecos, m\u00e1scaras e pratic\u00e1veis: Tiao Vieira, F\u00e1tima Alves, Fernando Linares, Adriana Gon\u00e7alves e Andr\u00e9ia Meneses. Contra-regra: Nath\u00e1lia de S\u00e1 Moraiva. Consultoria de assuntos africanos: \u00cdris Am\u00e2ncio.<\/p>\n<hr \/>\n<p style=\"text-align: justify;\"><strong>Foto:\u00a0<\/strong>Material\/Divulga\u00e7\u00e3o<\/p>\n","protected":false},"excerpt":{"rendered":"<p>Estilo:\u00a0Espet\u00e1culo longa dura\u00e7\u00e3o Sinopse:\u00a0Baseado no romance de Mia Couto, o espet\u00e1culo teatral hom\u00f4nimo tem dire\u00e7\u00e3o de Paulo C\u00e9sar e Papoula Bicalho. Depois de trabalharem juntos na pe\u00e7a \u00d3: a fam\u00edlia do Seu Nelsinho tem ins\u00f4nia, a dupla pretende levar ao p\u00fablico a poesia, ironia, humor e a vis\u00e3o pol\u00edtica do escritor mo\u00e7ambicano. Conhecida apenas por [&hellip;]<\/p>\n","protected":false},"featured_media":809,"comment_status":"closed","ping_status":"closed","template":"","portfolio_cat":[18],"portfolio_skill":[],"class_list":["post-808","portfolio","type-portfolio","status-publish","has-post-thumbnail","hentry","portfolio_cat-18"],"_links":{"self":[{"href":"https:\/\/premioledamariamartins.com\/index.php\/wp-json\/wp\/v2\/portfolio\/808","targetHints":{"allow":["GET"]}}],"collection":[{"href":"https:\/\/premioledamariamartins.com\/index.php\/wp-json\/wp\/v2\/portfolio"}],"about":[{"href":"https:\/\/premioledamariamartins.com\/index.php\/wp-json\/wp\/v2\/types\/portfolio"}],"replies":[{"embeddable":true,"href":"https:\/\/premioledamariamartins.com\/index.php\/wp-json\/wp\/v2\/comments?post=808"}],"version-history":[{"count":1,"href":"https:\/\/premioledamariamartins.com\/index.php\/wp-json\/wp\/v2\/portfolio\/808\/revisions"}],"predecessor-version":[{"id":810,"href":"https:\/\/premioledamariamartins.com\/index.php\/wp-json\/wp\/v2\/portfolio\/808\/revisions\/810"}],"wp:featuredmedia":[{"embeddable":true,"href":"https:\/\/premioledamariamartins.com\/index.php\/wp-json\/wp\/v2\/media\/809"}],"wp:attachment":[{"href":"https:\/\/premioledamariamartins.com\/index.php\/wp-json\/wp\/v2\/media?parent=808"}],"wp:term":[{"taxonomy":"portfolio_cat","embeddable":true,"href":"https:\/\/premioledamariamartins.com\/index.php\/wp-json\/wp\/v2\/portfolio_cat?post=808"},{"taxonomy":"portfolio_skill","embeddable":true,"href":"https:\/\/premioledamariamartins.com\/index.php\/wp-json\/wp\/v2\/portfolio_skill?post=808"}],"curies":[{"name":"wp","href":"https:\/\/api.w.org\/{rel}","templated":true}]}}

O Último Vôo do Flamingo

<p style="text-align: justify;"><strong>Estilo: </strong>Espetáculo longa duração</p>
<hr />
<p style="text-align: justify;"><strong>Sinopse: </strong>Baseado no romance de Mia Couto, o espetáculo teatral homônimo tem direção de Paulo César e Papoula Bicalho. Depois de trabalharem juntos na peça Ó: a família do Seu Nelsinho tem insônia, a dupla pretende levar ao público a poesia, ironia, humor e a visão política do escritor moçambicano. Conhecida apenas por suas mazelas, misérias e conflitos étnicos, a África é retratada através de outros recortes no espetáculo O Último Vôo do Flamingo. A platéia é transportada para uma realidade distinta, aquela que inclui a poesia da vida cotidiana, o universo mágico do homem africano, suas esperanças e contradições. No elenco, atores que também cantam e tocam instrumentos variados e utilizam máscaras, bonecos e adereços. Juntos contam uma história que “fala de uma perversa fabricação de ausência, a falta de uma terra toda inteira, um imenso rapto de esperança praticado pela ganância dos poderosos”, nas palavras de Mia Couto.</p>
<hr />
<p style="text-align: justify;"><strong>Ficha Técnica: </strong>Direção: Papoula Bicalho e Paulo César Bicalho. Adaptação: Paulo César Bicalho. Texto: Mia Couto. Produção: Matilde Biadi. Elenco: Alexandre de Sena, Gercino Alves, Janaína Moreno, Letícia Castilho, Lucas Avelar, Lucílio Gomes, Miguel Safe, Renato Parara, Simone de Alcântara. Música: Papoula Bicalho, Lucílio Gomes, Gercino Alves e Alexandre de Sena. Direção Musical: Daniel Mariano. Iluminação: Marcelo Miyagi. Cenário: Paulo César Bicalho e Tiao Vieira. Figurinos: Poliana Espírito Santo. Assistente de Figurinos: Luíza Pimentel. Confecção de figurinos: Graça Zeymer Bonecos, máscaras e praticáveis: Tiao Vieira, Fátima Alves, Fernando Linares, Adriana Gonçalves e Andréia Meneses. Contra-regra: Nathália de Sá Moraiva. Consultoria de assuntos africanos: Íris Amâncio.</p>
<hr />
<p style="text-align: justify;"><strong>Foto: </strong>Material/Divulgação</p>

<p>Estilo: Espetáculo longa duração Sinopse: Baseado no romance de Mia Couto, o espetáculo teatral homônimo tem direção de Paulo César e Papoula Bicalho. Depois de trabalharem juntos na peça Ó: a família do Seu Nelsinho tem insônia, a dupla pretende levar ao público a poesia, ironia, humor e a visão política do escritor moçambicano. Conhecida apenas por [&hellip;]</p>
