{"id":868,"date":"2018-12-12T14:26:11","date_gmt":"2018-12-12T16:26:11","guid":{"rendered":"http:\/\/premioledamariamartins.com\/?post_type=portfolio&#038;p=868"},"modified":"2018-12-12T14:26:11","modified_gmt":"2018-12-12T16:26:11","slug":"programa","status":"publish","type":"portfolio","link":"https:\/\/premioledamariamartins.com\/index.php\/portfolio\/programa\/","title":{"rendered":"Programa"},"content":{"rendered":"<p style=\"text-align: justify;\"><strong>Nome do Grupo, Companhia ou Artista:\u00a0<\/strong>Renato Negr\u00e3o<\/p>\n<hr \/>\n<p style=\"text-align: justify;\"><strong>Estilo:\u00a0<\/strong>\u00a0Peformance<\/p>\n<hr \/>\n<p style=\"text-align: justify;\"><strong>Sinopse:\u00a0<\/strong>Programa \u00e9 o nome de um poema dedicado ao artista H\u00e9lio Oiticica, que faz parte do livro Vicente Viciado, de Renato Negr\u00e3o. Os aspectos visuais, sonoros e sem\u00e2nticos deste poema norteiam os experimentos que Renato Negr\u00e3o leva ao palco, acompanhado do VJ Ulisses Mois\u00e9s, do pianista Victor Munhoz, com participa\u00e7\u00e3o especial do rapper Das Quebradas.<\/p>\n<hr \/>\n<p style=\"text-align: justify;\"><strong>Ficha T\u00e9cnica:\u00a0<\/strong>Performance: Renato Negr\u00e3o. Participa\u00e7\u00f5es: Das Quebradas \u2013 MC, Ulisses Moises &#8211; VJ \/ Programa\u00e7\u00f5es MPC. Victor Munhoz &#8211; Teclados \/ Programa\u00e7\u00f5es MPC.<\/p>\n<hr \/>\n<p style=\"text-align: justify;\"><strong>Dura\u00e7\u00e3o:<\/strong>\u00a038 min<\/p>\n<hr \/>\n<p style=\"text-align: justify;\"><strong>Foto:\u00a0<\/strong>Frame\/v\u00eddeo<\/p>\n","protected":false},"excerpt":{"rendered":"<p>Nome do Grupo, Companhia ou Artista:\u00a0Renato Negr\u00e3o Estilo:\u00a0\u00a0Peformance Sinopse:\u00a0Programa \u00e9 o nome de um poema dedicado ao artista H\u00e9lio Oiticica, que faz parte do livro Vicente Viciado, de Renato Negr\u00e3o. Os aspectos visuais, sonoros e sem\u00e2nticos deste poema norteiam os experimentos que Renato Negr\u00e3o leva ao palco, acompanhado do VJ Ulisses Mois\u00e9s, do pianista Victor [&hellip;]<\/p>\n","protected":false},"featured_media":869,"comment_status":"open","ping_status":"closed","template":"","portfolio_cat":[8],"portfolio_skill":[],"class_list":["post-868","portfolio","type-portfolio","status-publish","has-post-thumbnail","hentry","portfolio_cat-8"],"_links":{"self":[{"href":"https:\/\/premioledamariamartins.com\/index.php\/wp-json\/wp\/v2\/portfolio\/868","targetHints":{"allow":["GET"]}}],"collection":[{"href":"https:\/\/premioledamariamartins.com\/index.php\/wp-json\/wp\/v2\/portfolio"}],"about":[{"href":"https:\/\/premioledamariamartins.com\/index.php\/wp-json\/wp\/v2\/types\/portfolio"}],"replies":[{"embeddable":true,"href":"https:\/\/premioledamariamartins.com\/index.php\/wp-json\/wp\/v2\/comments?post=868"}],"version-history":[{"count":1,"href":"https:\/\/premioledamariamartins.com\/index.php\/wp-json\/wp\/v2\/portfolio\/868\/revisions"}],"predecessor-version":[{"id":870,"href":"https:\/\/premioledamariamartins.com\/index.php\/wp-json\/wp\/v2\/portfolio\/868\/revisions\/870"}],"wp:featuredmedia":[{"embeddable":true,"href":"https:\/\/premioledamariamartins.com\/index.php\/wp-json\/wp\/v2\/media\/869"}],"wp:attachment":[{"href":"https:\/\/premioledamariamartins.com\/index.php\/wp-json\/wp\/v2\/media?parent=868"}],"wp:term":[{"taxonomy":"portfolio_cat","embeddable":true,"href":"https:\/\/premioledamariamartins.com\/index.php\/wp-json\/wp\/v2\/portfolio_cat?post=868"},{"taxonomy":"portfolio_skill","embeddable":true,"href":"https:\/\/premioledamariamartins.com\/index.php\/wp-json\/wp\/v2\/portfolio_skill?post=868"}],"curies":[{"name":"wp","href":"https:\/\/api.w.org\/{rel}","templated":true}]}}

<p style="text-align: justify;"><strong>Nome do Grupo, Companhia ou Artista: </strong>Renato Negrão</p>
<hr />
<p style="text-align: justify;"><strong>Estilo: </strong> Peformance</p>
<hr />
<p style="text-align: justify;"><strong>Sinopse: </strong>Programa é o nome de um poema dedicado ao artista Hélio Oiticica, que faz parte do livro Vicente Viciado, de Renato Negrão. Os aspectos visuais, sonoros e semânticos deste poema norteiam os experimentos que Renato Negrão leva ao palco, acompanhado do VJ Ulisses Moisés, do pianista Victor Munhoz, com participação especial do rapper Das Quebradas.</p>
<hr />
<p style="text-align: justify;"><strong>Ficha Técnica: </strong>Performance: Renato Negrão. Participações: Das Quebradas – MC, Ulisses Moises &#8211; VJ / Programações MPC. Victor Munhoz &#8211; Teclados / Programações MPC.</p>
<hr />
<p style="text-align: justify;"><strong>Duração:</strong> 38 min</p>
<hr />
<p style="text-align: justify;"><strong>Foto: </strong>Frame/vídeo</p>

<p>Nome do Grupo, Companhia ou Artista: Renato Negrão Estilo:  Peformance Sinopse: Programa é o nome de um poema dedicado ao artista Hélio Oiticica, que faz parte do livro Vicente Viciado, de Renato Negrão. Os aspectos visuais, sonoros e semânticos deste poema norteiam os experimentos que Renato Negrão leva ao palco, acompanhado do VJ Ulisses Moisés, do pianista Victor [&hellip;]</p>
